remainder when v is divided by 4.
2
Let r(t) = -t**2 - t + 6. Calculate the remainder when 27 is divided by r(0).
3
Suppose 0 = -5*q - 2*m + 273, -2*q - m - 3*m = -122. Let g = 23 + -9. What is the remainder when q is divided by g?
11
Let y = -23 + 34. Calculate the remainder when 43 is divided by y.
10
Suppose -3*l + 8 = -13. Suppose 95 = 4*o - s - 4*s, 4*o - 83 = s. Calculate the remainder when o is divided by l.
6
Let c be (16/12)/(2/6). Suppose 2*u + 5*r - 54 = 0, c*r = r + 12. Calculate the remainder when 0 + (2 - (-49 - -2)) is divided by u.
15
Let y(z) = -2*z**3 - 11*z**2 - 15*z - 21. Let u(g) = -g**3 - 5*g**2 - 8*g - 11. Let s(q) = 5*u(q) - 3*y(q). Calculate the remainder when s(-7) is divided by 8.
6
Suppose -4*r + 58 = -14. Let f = -11 - -15. Suppose 0*i = -f*w - i + 211, 5*w = 2*i + 254. What is the remainder when w is divided by r?
16
Let i be (-336)/(-10) - (-14)/35. Suppose 3*f + 8 = 5*f, -z - 5*f + i = 0. What is the remainder when 40 is divided by z?
12
Let p(b) = -3*b + 1. Let y be p(1). Let a(n) = -n**3 - 5*n**2 + 8*n + 9. Let z be a(-6). Calculate the remainder when z - (-6 + y/1) is divided by 2.
1
Let z = 16 - 0. Suppose -2*m + 2 = -z. Let a(c) = 3*c - 1. What is the remainder when m is divided by a(2)?
4
What is the remainder when 5 - (20/(-4) + 1) is divided by 5?
4
Let b(l) = l**3 - l**2 - l + 13. Let m(n) = -n**2 + 35. Let d be m(0). Calculate the remainder when (-2 - d)/(-1)*1 is divided by b(0).
11
Suppose -560 - 259 = -7*d. Calculate the remainder when d is divided by 15.
12
Let t(j) be the third derivative of -j**5/60 - j**4/24 + j**3/3 - 2*j**2. Let v be t(-2). What is the remainder when 21 is divided by (-11 - v)*2/(-2)?
10
Let q = -79 - -102. Suppose 5*i + 5*r - 14 - 66 = 0, -4 = -i + 3*r. What is the remainder when q is divided by i?
10
Suppose -4*s + 3 = -13. Let n = s - 2. Suppose h - n*a - 3*a = 38, 2*a + 32 = h. Calculate the remainder when h is divided by 10.
8
Calculate the remainder when 384/6 + (-4)/(-2) is divided by 17.
15
Let x = 46 - 29. Suppose 156 = 5*k - 2*u, k = 6*k + 3*u - 166. What is the remainder when k is divided by x?
15
Let j = -2 - -11. Let t = 15 - j. What is the remainder when 31 is divided by (-18)/(-2) + t/3?
9
Calculate the remainder when 3/(-2)*(-220)/15 is divided by 13.
9
Calculate the remainder when 0 + 117/(4 - 1) is divided by 10.
9
Let h(k) = k**3 - 6*k**2 + k + 1. Let p(o) = 3*o - 2. What is the remainder when p(5) is divided by h(6)?
6
Suppose 9*a - 2 = 8*a. What is the remainder when a is divided by 1?
0
Let y = 20 - 13. Calculate the remainder when y is divided by 4.
3
Suppose -5*m = -m - 12. Suppose 180 = 2*c + 12. Suppose c = m*a + a. What is the remainder when a is divided by 12?
9
Let w(q) = -q + 16. What is the remainder when w(13) is divided by 2?
1
Let n(k) = -7*k - 2. Calculate the remainder when 11 is divided by n(-1).
1
Let g be 22/(0 + -1) + 2. What is the remainder when 21 is divided by g/(-6)*(-12)/(-5)?
5
Let j(c) = 8*c - 23. Calculate the remainder when j(10) is divided by ((-20)/(-2))/((-2)/(-4)).
17
Let g(m) = -m**2 + 8*m - 10. What is the remainder when 13 is divided by g(5)?
3
Let o be 2 + -3 - (0 + -1). What is the remainder when (1/(-2))/(2/(-116)) is divided by (14 - 4) + (o - 0)?
9
Let d(s) = -s**3 + 6*s**2 + 2*s. Let z be d(5). Suppose 0 = -5*j - 0*k + 5*k + 75, z = 3*j + 2*k. Calculate the remainder when 38 is divided by j.
12
Calculate the remainder when 96 + -3 + -2 + 8 is divided by 20.
19
Suppose i - 5*j + 64 = 0, i - 6*i + 3*j - 276 = 0. Calculate the remainder when 34 is divided by 5/2*i/(-15).
7
Let h(y) = -y + 5. Let n = 3 + 0. Suppose 2*z + 2 = 4*z. What is the remainder when h(n) is divided by z?
0
Calculate the remainder when 28 is divided by (12/(-8))/((-9)/96).
12
Let j = -56 - -69. What is the remainder when 77 is divided by j?
12
Let o = 0 + 2. Suppose 4*x = o*x. Suppose x*g + 52 = 4*g. Calculate the remainder when 37 is divided by g.
11
Let f(u) = 4*u - 1. Let g be f(1). Suppose g*y - 192 = -0*y. Suppose 5*s + 3*d - y = 0, 4*s + 6 = -2*d + 58. What is the remainder when 40 is divided by s?
12
Let d be ((-4)/(-10))/((-1)/(-265)). Let i = -35 + d. Let v = -28 + i. Calculate the remainder when v is divided by 15.
13
Let l = 38 - -36. What is the remainder when l is divided by 19?
17
Suppose 0*f = 3*f - 48. Calculate the remainder when 62 is divided by f.
14
Let v be 1 + 17 - (6 - 3). Let p = 25 - v. Calculate the remainder when 37 is divided by p.
7
Let q = 392 + 913. Suppose -5*g + w = -3*w - q, -2*w = 0. Suppose -3*x + g = 93. What is the remainder when x is divided by 19?
18
Let z(t) = -2*t + t - t**2 + 3*t**2. Let o = 6 + 11. What is the remainder when o is divided by z(2)?
5
Suppose 0 = 5*a - 22 - 38. Let m(j) = -9*j + 70. What is the remainder when a is divided by m(7)?
5
Let n be -2*(-2)/4*5. Suppose -29 = -c + n. What is the remainder when c is divided by 2/(-11) - 402/(-33)?
10
Let a = 112 + -63. Suppose 0 = -5*t + 96 + a. What is the remainder when t is divided by 15?
14
Let u be (8/(-5))/((-6)/15). Suppose -2*t - u*w = -t - 8, -11 = -3*t + w. Calculate the remainder when t is divided by 2.
0
Let y be 52/10 - (-17)/(-85). Suppose -3*h - 74 = -5*t, 5*t - 3*h - 59 = -5*h. Calculate the remainder when 6/(-4)*(-80)/y is divided by t.
11
Suppose -3*h + 48 = -h. Suppose 2*d = -d + h. Calculate the remainder when (3 + 32)*(-2)/(-5) is divided by d.
6
Suppose l = 2*l - 11. What is the remainder when 21 is divided by l?
10
Let b(y) = -y**3 + 7*y**2 - 5*y + 4. Let p(k) = k**3 - 6*k**2 + 6*k + 1. Let j be p(5). Let n be b(j). Calculate the remainder when 195/6*12/n is divided by 10.
9
Calculate the remainder when 45 is divided by 38*(-2 - 5/(-2)).
7
Suppose 84 = -33*u + 36*u. Calculate the remainder when 52 is divided by u.
24
What is the remainder when 1/(-5) + 108/15 is divided by 3?
1
Let l = 23 - 9. Let m(h) = -h**3 - 9*h**2 + h + 9. Let x be m(-9). Let y = l - x. What is the remainder when 40 is divided by y?
12
Let q be (-2)/(2*2/(-6)). Let u(b) = -6*b**2 + 2 - 4*b**3 + 0*b**3 + 2*b**q. Calculate the remainder when u(-4) is divided by 18.
16
Suppose 3*p + 2*d - 98 = 0, p - d = -0*p + 31. Suppose -5*y - 5*r = -3 - 57, -5*r + 16 = y. Calculate the remainder when p is divided by y.
10
Let p(l) = -160*l. Let c be p(-6). Suppose 0 = 7*a - 3*a - c. Suppose 4*g - 52 = a. Calculate the remainder when g is divided by 25.
23
Suppose 0 = -2*h - 2*p + 246, 0*h + p + 603 = 5*h. Let s = h - 64. What is the remainder when s is divided by 15?
12
Let m = 13 - 3. Calculate the remainder when 58 is divided by 22 - 5/(m/4).
18
Calculate the remainder when 14 is divided by (3 - 4)*-1 - -8.
5
Let h(w) = -w**2 + 13*w + 9. Let l = 17 - 5. Calculate the remainder when h(9) is divided by l.
9
Suppose o = 3*o + 48. Let g = -14 - o. Calculate the remainder when g is divided by 4.
2
Let q be (4 - 0)*(-7)/(-14). Let i(n) = n - 2. Calculate the remainder when i(4) is divided by (-2)/q + (2 - 0).
0
Calculate the remainder when 17 is divided by 12/(-8) + 21/2.
8
Let i(m) = 2*m**2 + 3*m. Let q be i(-2). Let x(c) = c**2 + 0 + 3*c**q - 6 + c**3 - 7*c. Calculate the remainder when 11 is divided by x(-5).
3
Let v be 538/5 - 2/(-5). Suppose -4*z + v = -4*j, 0 = -z + 5*j - 2*j + 27. Calculate the remainder when 53 is divided by z.
26
Let l(s) = s**3 + 7*s**2 + 7*s + 9. Let r be l(-6). Suppose r*v = k - 5*k + 49, 5*v = -3*k + 89. Calculate the remainder when 54 is divided by v.
16
Let q be 0 - (-36)/2*3. Suppose 4*p - q = -10. Calculate the remainder when (124/6)/((-6)/(-9)) is divided by p.
9
Suppose f - 2*f + 20 = 0. Suppose 4*q + 0*l - 2*l = 28, -4*q = -4*l - f. Calculate the remainder when q is divided by 5.
4
Let w = -43 + 104. What is the remainder when w is divided by 32?
29
Suppose 20 = 5*m - q - 16, q = -3*m + 20. Let x be (12/8)/(-3)*-6. Suppose -17 = -x*o - 5. Calculate the remainder when m is divided by o.
3
Let k(g) = 2*g**2 + g + 2. Let x = 4 + -6. Let v be 2 + (2*5)/x. Calculate the remainder when 49 is divided by k(v).
15
Suppose -30*i + 33 = -29*i. Suppose -5*x + 5 = 0, -2*m + 4*x + 15 = -m. Calculate the remainder when i is divided by m.
14
Suppose 3*g - 10 = 20. Let v = 36 + g. Calculate the remainder when v is divided by 12.
10
Suppose -4*n + 15